{"id":121,"date":"2019-07-11T11:18:04","date_gmt":"2019-07-11T09:18:04","guid":{"rendered":"https:\/\/brasilcapoeira-biel.com\/de\/?page_id=121"},"modified":"2025-03-11T09:26:07","modified_gmt":"2025-03-11T08:26:07","slug":"gurtsystem","status":"publish","type":"page","link":"https:\/\/brasilcapoeira-biel.com\/de\/brasilcapoeira\/gurtsystem\/","title":{"rendered":"Gurtsystem"},"content":{"rendered":"\r\n<p>Die Brasil Capoeira Schule verf\u00fcgt \u00fcber ein Gurtsystem f\u00fcr Kinder und eines f\u00fcr Erwachsene. Jugendliche zwischen 16 und 18 Jahren werden einer Pr\u00fcfung unterzogen, um den Gurt zu ermitteln, welchen sie im Gurtsystem der Erwachsenen erhalten sollen.<\/p>\r\n\r\n\r\n\r\n<p>Kinder sowie Erwachsene erhalten ihren Gurt in Anbetracht ihrer pers\u00f6nlichen Fortschritte, den geforderten Fertigkeiten und Wissen in den Bereichen Bewegung, Musik und Geschichte, sowie ihrem pers\u00f6nlichen Engagement in der Gruppe. Die Gurtsystem enthalten die Farben der Natur in der aufgez\u00e4hlten Reihenfolge: Das Gold, die Sonne, das Meer, der Dschungel, der Amethyst, die Erde und der Rubin.<\/p>\r\n\r\n\r\n\r\n<div class=\"wp-block-image\">\r\n<figure class=\"aligncenter\"><img fetchpriority=\"high\" decoding=\"async\" width=\"511\" height=\"277\" class=\"wp-image-139\" src=\"https:\/\/brasilcapoeira-biel.com\/de\/wp-content\/uploads\/sites\/2\/2019\/07\/cordas-2.png\" alt=\"\" srcset=\"https:\/\/brasilcapoeira-biel.com\/de\/wp-content\/uploads\/sites\/2\/2019\/07\/cordas-2.png 511w, https:\/\/brasilcapoeira-biel.com\/de\/wp-content\/uploads\/sites\/2\/2019\/07\/cordas-2-300x163.png 300w\" sizes=\"(max-width: 511px) 100vw, 511px\" \/>\r\n<figcaption>Die Farben der Natur: Das Gold, die Sonne, das Meer, der Dschungel, der Amethyst, die Erde und der Rubin.<\/figcaption>\r\n<\/figure>\r\n<\/div>\r\n\r\n\r\n\r\n\r\n\r\n<figure class=\"wp-block-image\"><img decoding=\"async\" class=\"alignnone wp-image-1152 size-large\" src=\"https:\/\/brasilcapoeira-biel.com\/de\/wp-content\/uploads\/sites\/2\/2025\/03\/Gurtsystem_Kinder_DE-1448x2048.png\" alt=\"\" width=\"640\" height=\"905\" srcset=\"https:\/\/brasilcapoeira-biel.com\/de\/wp-content\/uploads\/sites\/2\/2025\/03\/Gurtsystem_Kinder_DE-1448x2048.png 1448w, https:\/\/brasilcapoeira-biel.com\/de\/wp-content\/uploads\/sites\/2\/2025\/03\/Gurtsystem_Kinder_DE-212x300.png 212w, https:\/\/brasilcapoeira-biel.com\/de\/wp-content\/uploads\/sites\/2\/2025\/03\/Gurtsystem_Kinder_DE-768x1086.png 768w, https:\/\/brasilcapoeira-biel.com\/de\/wp-content\/uploads\/sites\/2\/2025\/03\/Gurtsystem_Kinder_DE-1086x1536.png 1086w\" sizes=\"(max-width: 640px) 100vw, 640px\" \/><\/figure>\r\n\r\n\r\n\r\n<h3 class=\"wp-block-heading\" style=\"text-align: left;\">Gurtsystem Erwachsene<\/h3>\r\n<p><a href=\"https:\/\/brasilcapoeira-biel.com\/de\/wp-content\/uploads\/sites\/2\/2025\/03\/Cordas_Voraussetzungen_DE.pdf\" target=\"_blank\" rel=\"noopener\">Hier<\/a> kannst du die Voraussetzungen f\u00fcr die Gurte der Erwachsenen einsehen.<\/p>\r\n\r\n\r\n\r\n<figure class=\"wp-block-image\"><img decoding=\"async\" class=\"alignnone wp-image-1150 size-large\" src=\"https:\/\/brasilcapoeira-biel.com\/de\/wp-content\/uploads\/sites\/2\/2025\/03\/Gurtsystem_DE-1448x2048.png\" alt=\"\" width=\"640\" height=\"905\" srcset=\"https:\/\/brasilcapoeira-biel.com\/de\/wp-content\/uploads\/sites\/2\/2025\/03\/Gurtsystem_DE-1448x2048.png 1448w, https:\/\/brasilcapoeira-biel.com\/de\/wp-content\/uploads\/sites\/2\/2025\/03\/Gurtsystem_DE-212x300.png 212w, https:\/\/brasilcapoeira-biel.com\/de\/wp-content\/uploads\/sites\/2\/2025\/03\/Gurtsystem_DE-768x1086.png 768w, https:\/\/brasilcapoeira-biel.com\/de\/wp-content\/uploads\/sites\/2\/2025\/03\/Gurtsystem_DE-1086x1536.png 1086w\" sizes=\"(max-width: 640px) 100vw, 640px\" \/><\/figure>\r\n\r\n\r\n\r\n\r\n","protected":false},"excerpt":{"rendered":"<p>Die Brasil Capoeira Schule verf\u00fcgt \u00fcber ein Gurtsystem f\u00fcr Kinder und eines f\u00fcr Erwachsene. Jugendliche zwischen 16 und 18 Jahren werden einer Pr\u00fcfung unterzogen, um den Gurt zu ermitteln, welchen sie im Gurtsystem der Erwachsenen erhalten sollen. Kinder sowie Erwachsene erhalten ihren Gurt in Anbetracht ihrer pers\u00f6nlichen Fortschritte, den geforderten Fertigkeiten und Wissen in den [&hellip;]<\/p>\n","protected":false},"author":1,"featured_media":0,"parent":54,"menu_order":0,"comment_status":"closed","ping_status":"closed","template":"","meta":{"ocean_post_layout":"","ocean_both_sidebars_style":"","ocean_both_sidebars_content_width":0,"ocean_both_sidebars_sidebars_width":0,"ocean_sidebar":"","ocean_second_sidebar":"","ocean_disable_margins":"enable","ocean_add_body_class":"","ocean_shortcode_before_top_bar":"","ocean_shortcode_after_top_bar":"","ocean_shortcode_before_header":"","ocean_shortcode_after_header":"","ocean_has_shortcode":"","ocean_shortcode_after_title":"","ocean_shortcode_before_footer_widgets":"","ocean_shortcode_after_footer_widgets":"","ocean_shortcode_before_footer_bottom":"","ocean_shortcode_after_footer_bottom":"","ocean_display_top_bar":"default","ocean_display_header":"default","ocean_header_style":"","ocean_center_header_left_menu":"","ocean_custom_header_template":"","ocean_custom_logo":0,"ocean_custom_retina_logo":0,"ocean_custom_logo_max_width":0,"ocean_custom_logo_tablet_max_width":0,"ocean_custom_logo_mobile_max_width":0,"ocean_custom_logo_max_height":0,"ocean_custom_logo_tablet_max_height":0,"ocean_custom_logo_mobile_max_height":0,"ocean_header_custom_menu":"","ocean_menu_typo_font_family":"","ocean_menu_typo_font_subset":"","ocean_menu_typo_font_size":0,"ocean_menu_typo_font_size_tablet":0,"ocean_menu_typo_font_size_mobile":0,"ocean_menu_typo_font_size_unit":"px","ocean_menu_typo_font_weight":"","ocean_menu_typo_font_weight_tablet":"","ocean_menu_typo_font_weight_mobile":"","ocean_menu_typo_transform":"","ocean_menu_typo_transform_tablet":"","ocean_menu_typo_transform_mobile":"","ocean_menu_typo_line_height":0,"ocean_menu_typo_line_height_tablet":0,"ocean_menu_typo_line_height_mobile":0,"ocean_menu_typo_line_height_unit":"","ocean_menu_typo_spacing":0,"ocean_menu_typo_spacing_tablet":0,"ocean_menu_typo_spacing_mobile":0,"ocean_menu_typo_spacing_unit":"","ocean_menu_link_color":"","ocean_menu_link_color_hover":"","ocean_menu_link_color_active":"","ocean_menu_link_background":"","ocean_menu_link_hover_background":"","ocean_menu_link_active_background":"","ocean_menu_social_links_bg":"","ocean_menu_social_hover_links_bg":"","ocean_menu_social_links_color":"","ocean_menu_social_hover_links_color":"","ocean_disable_title":"default","ocean_disable_heading":"default","ocean_post_title":"","ocean_post_subheading":"","ocean_post_title_style":"","ocean_post_title_background_color":"","ocean_post_title_background":0,"ocean_post_title_bg_image_position":"","ocean_post_title_bg_image_attachment":"","ocean_post_title_bg_image_repeat":"","ocean_post_title_bg_image_size":"","ocean_post_title_height":0,"ocean_post_title_bg_overlay":0.5,"ocean_post_title_bg_overlay_color":"","ocean_disable_breadcrumbs":"default","ocean_breadcrumbs_color":"","ocean_breadcrumbs_separator_color":"","ocean_breadcrumbs_links_color":"","ocean_breadcrumbs_links_hover_color":"","ocean_display_footer_widgets":"default","ocean_display_footer_bottom":"default","ocean_custom_footer_template":"","footnotes":""},"class_list":["post-121","page","type-page","status-publish","hentry","entry"],"yoast_head":"<!-- This site is optimized with the Yoast SEO plugin v16.2 - https:\/\/yoast.com\/wordpress\/plugins\/seo\/ -->\n<title>Gurtsystem &raquo;<\/title>\n<meta name=\"description\" content=\"Alles \u00fcber das Gurtsystem der Brasil Capoeira Schule, gegr\u00fcndet von Mestre Matias.\" \/>\n<meta name=\"robots\" content=\"index, follow, max-snippet:-1, max-image-preview:large, max-video-preview:-1\" \/>\n<link rel=\"canonical\" href=\"https:\/\/brasilcapoeira-biel.com\/de\/brasilcapoeira\/gurtsystem\/\" \/>\n<meta property=\"og:locale\" content=\"de_DE\" \/>\n<meta property=\"og:type\" content=\"article\" \/>\n<meta property=\"og:title\" content=\"Gurtsystem &raquo;\" \/>\n<meta property=\"og:description\" content=\"Alles \u00fcber das Gurtsystem der Brasil Capoeira Schule, gegr\u00fcndet von Mestre Matias.\" \/>\n<meta property=\"og:url\" content=\"https:\/\/brasilcapoeira-biel.com\/de\/brasilcapoeira\/gurtsystem\/\" \/>\n<meta property=\"article:publisher\" content=\"https:\/\/www.facebook.com\/brasilcapoeirabienne\/\" \/>\n<meta property=\"article:modified_time\" content=\"2025-03-11T08:26:07+00:00\" \/>\n<meta property=\"og:image\" content=\"https:\/\/brasilcapoeira-biel.com\/de\/wp-content\/uploads\/sites\/2\/2019\/07\/cordas-2.png\" \/>\n<meta name=\"twitter:card\" content=\"summary_large_image\" \/>\n<meta name=\"twitter:label1\" content=\"Gesch\u00e4tzte Lesezeit\">\n\t<meta name=\"twitter:data1\" content=\"2\u00a0Minuten\">\n<script type=\"application\/ld+json\" class=\"yoast-schema-graph\">{\"@context\":\"https:\/\/schema.org\",\"@graph\":[{\"@type\":\"Organization\",\"@id\":\"https:\/\/brasilcapoeira-biel.com\/de\/#organization\",\"name\":\"Brasil Capoeira Biel\/Bienne\",\"url\":\"https:\/\/brasilcapoeira-biel.com\/de\/\",\"sameAs\":[\"https:\/\/www.facebook.com\/brasilcapoeirabienne\/\",\"https:\/\/www.instagram.com\/brasilcapoeira.bielbienne\/\",\"https:\/\/www.youtube.com\/user\/ABCapoeiraMineiro\/\"],\"logo\":{\"@type\":\"ImageObject\",\"@id\":\"https:\/\/brasilcapoeira-biel.com\/de\/#logo\",\"inLanguage\":\"de\",\"url\":\"https:\/\/brasilcapoeira-biel.com\/de\/wp-content\/uploads\/sites\/2\/2019\/01\/Logo-MINEIRO-neu-1-e1548679081582.png\",\"contentUrl\":\"https:\/\/brasilcapoeira-biel.com\/de\/wp-content\/uploads\/sites\/2\/2019\/01\/Logo-MINEIRO-neu-1-e1548679081582.png\",\"width\":200,\"height\":110,\"caption\":\"Brasil Capoeira Biel\/Bienne\"},\"image\":{\"@id\":\"https:\/\/brasilcapoeira-biel.com\/de\/#logo\"}},{\"@type\":\"WebSite\",\"@id\":\"https:\/\/brasilcapoeira-biel.com\/de\/#website\",\"url\":\"https:\/\/brasilcapoeira-biel.com\/de\/\",\"name\":\"Brasil Capoeira Biel\/Bienne\",\"description\":\"\",\"publisher\":{\"@id\":\"https:\/\/brasilcapoeira-biel.com\/de\/#organization\"},\"potentialAction\":[{\"@type\":\"SearchAction\",\"target\":\"https:\/\/brasilcapoeira-biel.com\/de\/?s={search_term_string}\",\"query-input\":\"required name=search_term_string\"}],\"inLanguage\":\"de\"},{\"@type\":\"ImageObject\",\"@id\":\"https:\/\/brasilcapoeira-biel.com\/de\/brasilcapoeira\/gurtsystem\/#primaryimage\",\"inLanguage\":\"de\",\"url\":\"https:\/\/brasilcapoeira-biel.com\/de\/wp-content\/uploads\/sites\/2\/2019\/07\/cordas-2.png\",\"contentUrl\":\"https:\/\/brasilcapoeira-biel.com\/de\/wp-content\/uploads\/sites\/2\/2019\/07\/cordas-2.png\",\"width\":511,\"height\":277},{\"@type\":\"WebPage\",\"@id\":\"https:\/\/brasilcapoeira-biel.com\/de\/brasilcapoeira\/gurtsystem\/#webpage\",\"url\":\"https:\/\/brasilcapoeira-biel.com\/de\/brasilcapoeira\/gurtsystem\/\",\"name\":\"Gurtsystem &raquo;\",\"isPartOf\":{\"@id\":\"https:\/\/brasilcapoeira-biel.com\/de\/#website\"},\"primaryImageOfPage\":{\"@id\":\"https:\/\/brasilcapoeira-biel.com\/de\/brasilcapoeira\/gurtsystem\/#primaryimage\"},\"datePublished\":\"2019-07-11T09:18:04+00:00\",\"dateModified\":\"2025-03-11T08:26:07+00:00\",\"description\":\"Alles \\u00fcber das Gurtsystem der Brasil Capoeira Schule, gegr\\u00fcndet von Mestre Matias.\",\"breadcrumb\":{\"@id\":\"https:\/\/brasilcapoeira-biel.com\/de\/brasilcapoeira\/gurtsystem\/#breadcrumb\"},\"inLanguage\":\"de\",\"potentialAction\":[{\"@type\":\"ReadAction\",\"target\":[\"https:\/\/brasilcapoeira-biel.com\/de\/brasilcapoeira\/gurtsystem\/\"]}]},{\"@type\":\"BreadcrumbList\",\"@id\":\"https:\/\/brasilcapoeira-biel.com\/de\/brasilcapoeira\/gurtsystem\/#breadcrumb\",\"itemListElement\":[{\"@type\":\"ListItem\",\"position\":1,\"item\":{\"@type\":\"WebPage\",\"@id\":\"https:\/\/brasilcapoeira-biel.com\/de\/\",\"url\":\"https:\/\/brasilcapoeira-biel.com\/de\/\",\"name\":\"Startseite\"}},{\"@type\":\"ListItem\",\"position\":2,\"item\":{\"@type\":\"WebPage\",\"@id\":\"https:\/\/brasilcapoeira-biel.com\/de\/brasilcapoeira\/\",\"url\":\"https:\/\/brasilcapoeira-biel.com\/de\/brasilcapoeira\/\",\"name\":\"Brasil Capoeira Schule\"}},{\"@type\":\"ListItem\",\"position\":3,\"item\":{\"@id\":\"https:\/\/brasilcapoeira-biel.com\/de\/brasilcapoeira\/gurtsystem\/#webpage\"}}]}]}<\/script>\n<!-- \/ Yoast SEO plugin. -->","_links":{"self":[{"href":"https:\/\/brasilcapoeira-biel.com\/de\/wp-json\/wp\/v2\/pages\/121","targetHints":{"allow":["GET"]}}],"collection":[{"href":"https:\/\/brasilcapoeira-biel.com\/de\/wp-json\/wp\/v2\/pages"}],"about":[{"href":"https:\/\/brasilcapoeira-biel.com\/de\/wp-json\/wp\/v2\/types\/page"}],"author":[{"embeddable":true,"href":"https:\/\/brasilcapoeira-biel.com\/de\/wp-json\/wp\/v2\/users\/1"}],"replies":[{"embeddable":true,"href":"https:\/\/brasilcapoeira-biel.com\/de\/wp-json\/wp\/v2\/comments?post=121"}],"version-history":[{"count":14,"href":"https:\/\/brasilcapoeira-biel.com\/de\/wp-json\/wp\/v2\/pages\/121\/revisions"}],"predecessor-version":[{"id":1153,"href":"https:\/\/brasilcapoeira-biel.com\/de\/wp-json\/wp\/v2\/pages\/121\/revisions\/1153"}],"up":[{"embeddable":true,"href":"https:\/\/brasilcapoeira-biel.com\/de\/wp-json\/wp\/v2\/pages\/54"}],"wp:attachment":[{"href":"https:\/\/brasilcapoeira-biel.com\/de\/wp-json\/wp\/v2\/media?parent=121"}],"curies":[{"name":"wp","href":"https:\/\/api.w.org\/{rel}","templated":true}]}}

<p>Die Brasil Capoeira Schule verfügt über ein Gurtsystem für Kinder und eines für Erwachsene. Jugendliche zwischen 16 und 18 Jahren werden einer Prüfung unterzogen, um den Gurt zu ermitteln, welchen sie im Gurtsystem der Erwachsenen erhalten sollen.</p>



<p>Kinder sowie Erwachsene erhalten ihren Gurt in Anbetracht ihrer persönlichen Fortschritte, den geforderten Fertigkeiten und Wissen in den Bereichen Bewegung, Musik und Geschichte, sowie ihrem persönlichen Engagement in der Gruppe. Die Gurtsystem enthalten die Farben der Natur in der aufgezählten Reihenfolge: Das Gold, die Sonne, das Meer, der Dschungel, der Amethyst, die Erde und der Rubin.</p>



<div class="wp-block-image">
<figure class="aligncenter"><img fetchpriority="high" decoding="async" width="511" height="277" class="wp-image-139" src="https://brasilcapoeira-biel.com/de/wp-content/uploads/sites/2/2019/07/cordas-2.png" alt="" srcset="https://brasilcapoeira-biel.com/de/wp-content/uploads/sites/2/2019/07/cordas-2.png 511w, https://brasilcapoeira-biel.com/de/wp-content/uploads/sites/2/2019/07/cordas-2-300x163.png 300w" sizes="(max-width: 511px) 100vw, 511px" />
<figcaption>Die Farben der Natur: Das Gold, die Sonne, das Meer, der Dschungel, der Amethyst, die Erde und der Rubin.</figcaption>
</figure>
</div>





<figure class="wp-block-image"><img decoding="async" class="alignnone wp-image-1152 size-large" src="https://brasilcapoeira-biel.com/de/wp-content/uploads/sites/2/2025/03/Gurtsystem_Kinder_DE-1448x2048.png" alt="" width="640" height="905" srcset="https://brasilcapoeira-biel.com/de/wp-content/uploads/sites/2/2025/03/Gurtsystem_Kinder_DE-1448x2048.png 1448w, https://brasilcapoeira-biel.com/de/wp-content/uploads/sites/2/2025/03/Gurtsystem_Kinder_DE-212x300.png 212w, https://brasilcapoeira-biel.com/de/wp-content/uploads/sites/2/2025/03/Gurtsystem_Kinder_DE-768x1086.png 768w, https://brasilcapoeira-biel.com/de/wp-content/uploads/sites/2/2025/03/Gurtsystem_Kinder_DE-1086x1536.png 1086w" sizes="(max-width: 640px) 100vw, 640px" /></figure>



<h3 class="wp-block-heading" style="text-align: left;">Gurtsystem Erwachsene</h3>
<p><a href="https://brasilcapoeira-biel.com/de/wp-content/uploads/sites/2/2025/03/Cordas_Voraussetzungen_DE.pdf" target="_blank" rel="noopener">Hier</a> kannst du die Voraussetzungen für die Gurte der Erwachsenen einsehen.</p>



<figure class="wp-block-image"><img decoding="async" class="alignnone wp-image-1150 size-large" src="https://brasilcapoeira-biel.com/de/wp-content/uploads/sites/2/2025/03/Gurtsystem_DE-1448x2048.png" alt="" width="640" height="905" srcset="https://brasilcapoeira-biel.com/de/wp-content/uploads/sites/2/2025/03/Gurtsystem_DE-1448x2048.png 1448w, https://brasilcapoeira-biel.com/de/wp-content/uploads/sites/2/2025/03/Gurtsystem_DE-212x300.png 212w, https://brasilcapoeira-biel.com/de/wp-content/uploads/sites/2/2025/03/Gurtsystem_DE-768x1086.png 768w, https://brasilcapoeira-biel.com/de/wp-content/uploads/sites/2/2025/03/Gurtsystem_DE-1086x1536.png 1086w" sizes="(max-width: 640px) 100vw, 640px" /></figure>

<p>Die Brasil Capoeira Schule verfügt über ein Gurtsystem für Kinder und eines für Erwachsene. Jugendliche zwischen 16 und 18 Jahren werden einer Prüfung unterzogen, um den Gurt zu ermitteln, welchen sie im Gurtsystem der Erwachsenen erhalten sollen. Kinder sowie Erwachsene erhalten ihren Gurt in Anbetracht ihrer persönlichen Fortschritte, den geforderten Fertigkeiten und Wissen in den [&hellip;]</p>

<!-- This site is optimized with the Yoast SEO plugin v16.2 - https://yoast.com/wordpress/plugins/seo/ -->
<title>Gurtsystem &raquo;</title>
<meta name="description" content="Alles über das Gurtsystem der Brasil Capoeira Schule, gegründet von Mestre Matias." />
<meta name="robots" content="index, follow, max-snippet:-1, max-image-preview:large, max-video-preview:-1" />
<link rel="canonical" href="https://brasilcapoeira-biel.com/de/brasilcapoeira/gurtsystem/" />
<meta property="og:locale" content="de_DE" />
<meta property="og:type" content="article" />
<meta property="og:title" content="Gurtsystem &raquo;" />
<meta property="og:description" content="Alles über das Gurtsystem der Brasil Capoeira Schule, gegründet von Mestre Matias." />
<meta property="og:url" content="https://brasilcapoeira-biel.com/de/brasilcapoeira/gurtsystem/" />
<meta property="article:publisher" content="https://www.facebook.com/brasilcapoeirabienne/" />
<meta property="article:modified_time" content="2025-03-11T08:26:07+00:00" />
<meta property="og:image" content="https://brasilcapoeira-biel.com/de/wp-content/uploads/sites/2/2019/07/cordas-2.png" />
<meta name="twitter:card" content="summary_large_image" />
<meta name="twitter:label1" content="Geschätzte Lesezeit">
	<meta name="twitter:data1" content="2 Minuten">
<script type="application/ld+json" class="yoast-schema-graph">{"@context":"https://schema.org","@graph":[{"@type":"Organization","@id":"https://brasilcapoeira-biel.com/de/#organization","name":"Brasil Capoeira Biel/Bienne","url":"https://brasilcapoeira-biel.com/de/","sameAs":["https://www.facebook.com/brasilcapoeirabienne/","https://www.instagram.com/brasilcapoeira.bielbienne/","https://www.youtube.com/user/ABCapoeiraMineiro/"],"logo":{"@type":"ImageObject","@id":"https://brasilcapoeira-biel.com/de/#logo","inLanguage":"de","url":"https://brasilcapoeira-biel.com/de/wp-content/uploads/sites/2/2019/01/Logo-MINEIRO-neu-1-e1548679081582.png","contentUrl":"https://brasilcapoeira-biel.com/de/wp-content/uploads/sites/2/2019/01/Logo-MINEIRO-neu-1-e1548679081582.png","width":200,"height":110,"caption":"Brasil Capoeira Biel/Bienne"},"image":{"@id":"https://brasilcapoeira-biel.com/de/#logo"}},{"@type":"WebSite","@id":"https://brasilcapoeira-biel.com/de/#website","url":"https://brasilcapoeira-biel.com/de/","name":"Brasil Capoeira Biel/Bienne","description":"","publisher":{"@id":"https://brasilcapoeira-biel.com/de/#organization"},"potentialAction":[{"@type":"SearchAction","target":"https://brasilcapoeira-biel.com/de/?s={search_term_string}","query-input":"required name=search_term_string"}],"inLanguage":"de"},{"@type":"ImageObject","@id":"https://brasilcapoeira-biel.com/de/brasilcapoeira/gurtsystem/#primaryimage","inLanguage":"de","url":"https://brasilcapoeira-biel.com/de/wp-content/uploads/sites/2/2019/07/cordas-2.png","contentUrl":"https://brasilcapoeira-biel.com/de/wp-content/uploads/sites/2/2019/07/cordas-2.png","width":511,"height":277},{"@type":"WebPage","@id":"https://brasilcapoeira-biel.com/de/brasilcapoeira/gurtsystem/#webpage","url":"https://brasilcapoeira-biel.com/de/brasilcapoeira/gurtsystem/","name":"Gurtsystem &raquo;","isPartOf":{"@id":"https://brasilcapoeira-biel.com/de/#website"},"primaryImageOfPage":{"@id":"https://brasilcapoeira-biel.com/de/brasilcapoeira/gurtsystem/#primaryimage"},"datePublished":"2019-07-11T09:18:04+00:00","dateModified":"2025-03-11T08:26:07+00:00","description":"Alles \u00fcber das Gurtsystem der Brasil Capoeira Schule, gegr\u00fcndet von Mestre Matias.","breadcrumb":{"@id":"https://brasilcapoeira-biel.com/de/brasilcapoeira/gurtsystem/#breadcrumb"},"inLanguage":"de","potentialAction":[{"@type":"ReadAction","target":["https://brasilcapoeira-biel.com/de/brasilcapoeira/gurtsystem/"]}]},{"@type":"BreadcrumbList","@id":"https://brasilcapoeira-biel.com/de/brasilcapoeira/gurtsystem/#breadcrumb","itemListElement":[{"@type":"ListItem","position":1,"item":{"@type":"WebPage","@id":"https://brasilcapoeira-biel.com/de/","url":"https://brasilcapoeira-biel.com/de/","name":"Startseite"}},{"@type":"ListItem","position":2,"item":{"@type":"WebPage","@id":"https://brasilcapoeira-biel.com/de/brasilcapoeira/","url":"https://brasilcapoeira-biel.com/de/brasilcapoeira/","name":"Brasil Capoeira Schule"}},{"@type":"ListItem","position":3,"item":{"@id":"https://brasilcapoeira-biel.com/de/brasilcapoeira/gurtsystem/#webpage"}}]}]}</script>
<!-- / Yoast SEO plugin. -->
